329 a composite number?
True
Is 3377375953 composite?
True
Is 907389503 composite?
False
Is 3403397171 a prime number?
False
Is 145343177333 a composite number?
False
Is 2253167533 a composite number?
False
Is 63962532373 prime?
True
Is 931488601 composite?
False
Is 39892187 composite?
False
Is 3796943173 composite?
True
Is 1145982793 prime?
False
Is 4371432661 a composite number?
True
Is 6260451863 a composite number?
False
Is 72272477 a composite number?
True
Is 1571645783 prime?
True
Is 13161736559 prime?
True
Is 49690187203 a prime number?
False
Is 24674335115 prime?
False
Is 2613245023 prime?
True
Is 319032017 a composite number?
True
Is 738517987 prime?
True
Is 35470528293 prime?
False
Is 778884989 prime?
True
Is 34317712171 prime?
True
Is 1305092966 a composite number?
True
Is 6921158113 composite?
False
Is 11060353267 composite?
False
Is 21531606931 composite?
True
Is 1518455885 a prime number?
False
Is 1195185974 prime?
False
Is 1815427531 a composite number?
False
Is 463453307 a prime number?
True
Is 793861417 prime?
True
Is 3080524937 a composite number?
True
Is 190147981 prime?
True
Is 220620181 a composite number?
False
Is 9387305173 a composite number?
False
Is 12977362479 a composite number?
True
Is 48535783111 a composite number?
False
Is 576389951 a composite number?
False
Is 2029210229 a composite number?
False
Is 42618497 composite?
False
Is 5836590917 prime?
True
Is 5333986787 prime?
False
Is 224465621 composite?
False
Is 8255704913 prime?
True
Is 52363352051 composite?
False
Is 624583601 composite?
False
Is 1880591413 a prime number?
False
Is 9127687 prime?
False
Is 105020739427 composite?
False
Is 103965106207 a composite number?
True
Is 297345619 a prime number?
False
Is 3060229441 prime?
False
Is 4944165697 composite?
True
Is 16134779 prime?
True
Is 140795821 composite?
False
Is 32512367737 a composite number?
True
Is 4320814499 a prime number?
True
Is 5478692657 composite?
False
Is 463005671 prime?
True
Is 674333081 composite?
True
Is 3572872559 a prime number?
True
Is 8013983611 a composite number?
False
Is 130944028727 a composite number?
False
Is 5151100841 composite?
False
Is 9255578403 a composite number?
True
Is 25953948703 prime?
True
Is 3548008319 prime?
True
Is 5766485297 composite?
False
Is 859318793 prime?
True
Is 8152441973 a prime number?
False
Is 5140891907 composite?
False
Is 491279429 a prime number?
False
Is 20435307199 a composite number?
True
Is 4483977881 composite?
True
Is 130269991 a prime number?
True
Is 28719551863 a composite number?
False
Is 788566631 composite?
False
Is 93474614083 a composite number?
True
Is 646176178 a prime number?
False
Is 1315086023 a composite number?
False
Is 6031747369 prime?
True
Is 3333539791 prime?
True
Is 4206847609 a prime number?
False
Is 511540937 prime?
False
Is 936277561 prime?
True
Is 442431833 a composite number?
False
Is 327160765 prime?
False
Is 42020337637 a prime number?
False
Is 103234111 a prime number?
True
Is 303471953 prime?
True
Is 47379745597 a composite number?
True
Is 1460085643 prime?
True
Is 28759251467 composite?
True
Is 1011593281 a prime number?
True
Is 33011088379 a prime number?
False
Is 10632227831 a composite number?
True
Is 5907975769 a prime number?
True
Is 16022207 a composite number?
True
Is 718478231 composite?
False
Is 15413182097 prime?
True
Is 1533062287 composite?
False
Is 2044327507 composite?
False
Is 14297098901 a composite number?
False
Is 6295044446 a prime number?
False
Is 2112549581 a prime number?
True
Is 311549479 prime?
False
Is 410569267 a prime number?
True
Is 28402419 a composite number?
True
Is 106235555197 a prime number?
False
Is 1760422127 a prime number?
False
Is 79437543454 prime?
False
Is 630961763765 a prime number?
False
Is 25595671957 composite?
False
Is 17286190517 prime?
False
Is 8596589557 a prime number?
True
Is 7905045119 composite?
True
Is 60643876177 composite?
True
Is 75890701 prime?
True
Is 4572971063 composite?
False
Is 194474837 composite?
False
Is 10577552971 a composite number?
False
Is 27534075133 prime?
True
Is 19214639 a prime number?
True
Is 18501110731 a composite number?
False
Is 29764188865 composite?
True
Is 76032161 a prime number?
True
Is 46092236087 composite?
False
Is 76560996607 a composite number?
False
Is 1845947687 a prime number?
False
Is 59232204961 prime?
False
Is 162086867 prime?
True
Is 102377183609 composite?
False
Is 3905279155 composite?
True
Is 9478945193 prime?
False
Is 7632704645 composite?
True
Is 1848252577 composite?
False
Is 15761414671 a composite number?
False
Is 87489826007 a prime number?
True
Is 1905605269 a composite number?
True
Is 1033237771 composite?
False
Is 1948186159 a prime number?
False
Is 821350127 prime?
False
Is 36777312109 a composite number?
False
Is 71461037497 prime?
False
Is 3258365207 prime?
True
Is 28183370773 a composite number?
True
Is 3406720913 prime?
False
Is 2733575057 prime?
False
Is 78472793851 prime?
True
Is 10070238907 a prime number?
True
Is 18505985951 a prime number?
False
Is 4002330317 composite?
False
Is 2561673137 composite?
False
Is 511744137 a composite number?
True
Is 297087649 a composite number?
True
Is 930815273 prime?
True
Is 252206327 composite?
True
Is 14525967521 prime?
False
Is 485289771 composite?
True
Is 136350103 a prime number?
True
Is 233243785 a composite number?
True
Is 160694701507 composite?
True
Is 9545407693 prime?
False
Is 2491635791 composite?
False
Is 1489450493 a composite number?
False
Is 2119264187 composite?
False
Is 636202097 a prime number?
True
Is 35691378209 a prime number?
True
Is 27507974213 a prime number?
True
Is 12697610093 a prime number?
False
Is 1860084943 a composite number?
False
Is 1648827731 prime?
True
Is 19604843 a composite number?
True
Is 58467870287 prime?
True
Is 5157539787 prime?
False
Is 7194536273 composite?
True
Is 26401072573 a prime number?
False
Is 13890154007 a prime number?
False
Is 49810749133 a prime number?
False
Is 13362438077 a composite number?
False
Is 15857227 prime?
True
Is 2327931407 prime?
False
Is 1008616513 composite?
True
Is 2904222053 a composite number?
False
Is 3181468967 prime?
True
Is 42820040843 a composite number?
True
Is 449201153 a prime number?
False
Is 1243106591 a prime number?
True
Is 755845729 a composite number?
True
Is 1401531445 a composite number?
True
Is 15431765 a composite number?
True
Is 29200521097 prime?
False
Is 3266327573 a composite number?
True
Is 64244864881 a composite number?
False
Is 18918992671 a prime number?
True
Is 331140077 a prime number?
True
Is 7786647761 a prime number?
True
Is 5468239709 a prime number?
True
Is 10159916491 a prime number?
False
Is 6843869831 a prime number?
True
Is 77264791 composite?
False
Is 28521890333 composite?
False
Is 63410281931 a prime number?
True
Is 904519249 composite?
False
Is 7119830849 a composite number?
True
Is 18369588173 a composite number?
False
Is 2877759067 composite?
True
Is 6734468639 prime?
True
Is 1580165747 composite?
False
Is 9694436209 prime?
False
Is 4443928369 composite?
False
Is 360016322 composite?
True
Is 1324914473 a composite number?
False
Is 2671316027 a prime number?
False
Is 2684031439 composite?
False
Is 17885638513 a composite number?
True
Is 5172398293 prime?
True
Is 7617775691 composite?
True
Is 38402377781 composite?
True
Is 20303971367 composite?
False
Is 935607319 a composite number?
False
Is 438897859 a prime number?
False
Is 28115402683 prime?
False
Is 116270731 a composite number?
False
Is 763598245 composite?
True
Is 66309286559 a composite number?
False
Is 94705059133 composite?
True
Is 24706318547 composite?
True
Is 10595947679 a prime number?
True
Is 6367339479 a composite number?
True
Is 807428287 a prime number?
False
Is 687102019 a prime number?
True
Is 1174841201 prime?
True
Is 82037768273 prime?
True
Is 134293981 composite?
False
Is 10194241193 a composite number?
True
Is 197266872629 a prime number?
False
Is 1458966629 a composite number?
False
Is 202738061 composite?
False
Is 229392227 prime?
False
Is 1372342079 a composite number?
False
Is 69037091833 prime?
True
Is 1486855949 a prime number?
True
Is 423892889413 composite?
True
Is 111681016103 a prime number?
True
Is 174198161 composite?
False
Is 150782263 prime?
True
Is 137